{"id":1469,"date":"2023-03-01T18:36:50","date_gmt":"2023-03-01T18:36:50","guid":{"rendered":"https:\/\/bsv.bsv-riedlingen.de\/?page_id=1469"},"modified":"2023-05-20T11:50:39","modified_gmt":"2023-05-20T11:50:39","slug":"bayern","status":"publish","type":"page","link":"https:\/\/bsv.bsv-riedlingen.de\/?page_id=1469","title":{"rendered":"Bayern"},"content":{"rendered":"<h2>Die Wieskirche<\/h2>\n\n\n<div class=\"wp-block-media-text alignwide is-stacked-on-mobile\"><figure class=\"wp-block-media-text__media\"><img loading=\"lazy\" decoding=\"async\" width=\"233\" height=\"276\" src=\"https:\/\/bsv.bsv-riedlingen.de\/wp-content\/uploads\/2023\/05\/germany_wies_1985.jpg\" alt=\"\" class=\"wp-image-1594 size-full\"\/><\/figure><div class=\"wp-block-media-text__content\">\n<p>Erstausgabetag: <strong>07. Mai 1985<\/strong><\/p>\n\n\n\n<p>300. Geburtstag von Domenikus Zimmermann (1685-1766). Dargestellt ist ein S\u00e4ulenkapitell aus dem Presbyterium der Wieskirche<\/p>\n\n\n\n<p>Mi.-Nr.: 1251<\/p>\n<\/div><\/div>\n\n\n\n<p>Am <strong>14. Juni 1738<\/strong> bemerkte die B\u00e4uerin Maria Lory in den Augen der Statue des gegei\u00dfelten Heilands, die 1730 von Pater Magnus Straub und Bruder Lukas Schweiger im Kloster Steingaden angefertigt wurde,\u00a0einige Tropfen, die sie f\u00fcr Tr\u00e4nen hielt.\u00a0Daraufhin begannen die Wallfahrten zur kleinen Kapelle des Bauern \u201aauf der Wies\u2018, ein paar Kilometer vom Kloster entfernt.<\/p>\n\n\n\n<figure class=\"wp-block-image size-full\"><img loading=\"lazy\" decoding=\"async\" width=\"895\" height=\"636\" src=\"https:\/\/bsv.bsv-riedlingen.de\/wp-content\/uploads\/2023\/05\/germany_wies_pk5.jpg\" alt=\"\" class=\"wp-image-1595\" srcset=\"https:\/\/bsv.bsv-riedlingen.de\/wp-content\/uploads\/2023\/05\/germany_wies_pk5.jpg 895w, https:\/\/bsv.bsv-riedlingen.de\/wp-content\/uploads\/2023\/05\/germany_wies_pk5-300x213.jpg 300w, https:\/\/bsv.bsv-riedlingen.de\/wp-content\/uploads\/2023\/05\/germany_wies_pk5-768x546.jpg 768w\" sizes=\"auto, (max-width: 709px) 85vw, (max-width: 909px) 67vw, (max-width: 1362px) 62vw, 840px\" \/><figcaption class=\"wp-element-caption\">Postkarte aus den 1970er Jahren. Ansicht von S\u00fcden.<\/figcaption><\/figure>\n\n\n\n<p>Weil immer mehr Menschen zur kleinen, unscheinbaren Kapelle wallfahrten, lie\u00df Abt Marinus II. Mayer eine Kirche im Stile des\u00a0Rokoko errichten. Von 1745 bis 1754 bauten die Br\u00fcdern\u00a0<strong>Johann Baptis<\/strong>t (* 3. Januar 1680 \u2013 \u2020 2. M\u00e4rz 1758) und <strong>Domenikus Zimmermann<\/strong> (* 30. Juni 1685 &#8211; \u2020 16. November 1766) die Kirche und hinterlie\u00dfen mit dieser Kirche ihr Meisterst\u00fcck. Die opulenten Stuckelemente wurden von Dominikus Zimmermann, die Deckenfresken von seinem Bruder Johann Baptist Zimmermann, dem Hofmaler der bayerischen Kurf\u00fcrsten, ausgef\u00fchrt. Domenikus lebte noch bis zu seinem Tod in Steingaden.<\/p>\n\n\n\n<div class=\"wp-block-media-text alignwide is-stacked-on-mobile\"><figure class=\"wp-block-media-text__media\"><img loading=\"lazy\" decoding=\"async\" width=\"482\" height=\"355\" src=\"https:\/\/bsv.bsv-riedlingen.de\/wp-content\/uploads\/2023\/05\/germany_wies_sanmarino_1996.jpg\" alt=\"\" class=\"wp-image-1596 size-full\" srcset=\"https:\/\/bsv.bsv-riedlingen.de\/wp-content\/uploads\/2023\/05\/germany_wies_sanmarino_1996.jpg 482w, https:\/\/bsv.bsv-riedlingen.de\/wp-content\/uploads\/2023\/05\/germany_wies_sanmarino_1996-300x221.jpg 300w\" sizes=\"auto, (max-width: 482px) 85vw, 482px\" \/><\/figure><div class=\"wp-block-media-text__content\">\n<div class=\"wp-block-group\"><div class=\"wp-block-group__inner-container is-layout-constrained wp-block-group-is-layout-constrained\">\n<p><strong>San Marino<\/strong> &#8211; 50. Jahrestag der UNESCO <\/p>\n\n\n\n<p>Erstausgabetag: <strong>20. Sept. 1996<\/strong><\/p>\n\n\n\n<p>Mi.-Nr.: 1681<\/p>\n\n\n\n<p>Die Wieskirche &#8211; Ansicht von S\u00fcden<\/p>\n<\/div><\/div>\n<\/div><\/div>\n\n\n\n<p><strong>1983<\/strong> wurde die Wieskirche zum\u00a0Weltkulturerbe erkl\u00e4rt, weil sie \u201eein Meisterwerk der menschlichen Sch\u00f6pferkraft\u201c und ein \u201eZeugnis von einer kulturellen Tradition oder einer bestehenden oder untergegangenen Kultur\u201c darstellt.<\/p>\n\n\n\n<figure class=\"wp-block-image size-full is-resized\"><img loading=\"lazy\" decoding=\"async\" src=\"https:\/\/bsv.bsv-riedlingen.de\/wp-content\/uploads\/2023\/05\/germany_wies_fdc_2_1985.jpg\" alt=\"\" class=\"wp-image-1597\" width=\"630\" height=\"367\" srcset=\"https:\/\/bsv.bsv-riedlingen.de\/wp-content\/uploads\/2023\/05\/germany_wies_fdc_2_1985.jpg 971w, https:\/\/bsv.bsv-riedlingen.de\/wp-content\/uploads\/2023\/05\/germany_wies_fdc_2_1985-300x175.jpg 300w, https:\/\/bsv.bsv-riedlingen.de\/wp-content\/uploads\/2023\/05\/germany_wies_fdc_2_1985-768x448.jpg 768w\" sizes=\"auto, (max-width: 630px) 85vw, 630px\" \/><figcaption class=\"wp-element-caption\">Ersttagsbrief 07. Mai 1985 &#8211; 300. Geburtstag von Domenikus Zimmermann &#8211; Abbild der Wieskirche und Grundri\u00df.<\/figcaption><\/figure>\n\n\n\n<figure class=\"wp-block-gallery has-nested-images columns-default is-cropped wp-block-gallery-1 is-layout-flex wp-block-gallery-is-layout-flex\">\n<figure class=\"wp-block-image size-large\"><img loading=\"lazy\" decoding=\"async\" width=\"627\" height=\"882\" data-id=\"1600\" src=\"https:\/\/bsv.bsv-riedlingen.de\/wp-content\/uploads\/2023\/05\/germany_wies_maxi_1-1.jpg\" alt=\"\" class=\"wp-image-1600\" srcset=\"https:\/\/bsv.bsv-riedlingen.de\/wp-content\/uploads\/2023\/05\/germany_wies_maxi_1-1.jpg 627w, https:\/\/bsv.bsv-riedlingen.de\/wp-content\/uploads\/2023\/05\/germany_wies_maxi_1-1-213x300.jpg 213w\" sizes=\"auto, (max-width: 627px) 85vw, 627px\" \/><figcaption class=\"wp-element-caption\">Maximumkarte &#8211; Domenikus Zimmermann<\/figcaption><\/figure>\n\n\n\n<figure class=\"wp-block-image size-large\"><img loading=\"lazy\" decoding=\"async\" width=\"627\" height=\"881\" data-id=\"1601\" src=\"https:\/\/bsv.bsv-riedlingen.de\/wp-content\/uploads\/2023\/05\/germany_wies_maxi_2.jpg\" alt=\"\" class=\"wp-image-1601\" srcset=\"https:\/\/bsv.bsv-riedlingen.de\/wp-content\/uploads\/2023\/05\/germany_wies_maxi_2.jpg 627w, https:\/\/bsv.bsv-riedlingen.de\/wp-content\/uploads\/2023\/05\/germany_wies_maxi_2-214x300.jpg 214w\" sizes=\"auto, (max-width: 627px) 85vw, 627px\" \/><figcaption class=\"wp-element-caption\">Maximumkarte &#8211; Innenraum der Wieskirche<\/figcaption><\/figure>\n\n\n\n<figure class=\"wp-block-image size-large\"><img loading=\"lazy\" decoding=\"async\" width=\"625\" height=\"878\" data-id=\"1602\" src=\"https:\/\/bsv.bsv-riedlingen.de\/wp-content\/uploads\/2023\/05\/germany_wies_pk3.jpg\" alt=\"\" class=\"wp-image-1602\" srcset=\"https:\/\/bsv.bsv-riedlingen.de\/wp-content\/uploads\/2023\/05\/germany_wies_pk3.jpg 625w, https:\/\/bsv.bsv-riedlingen.de\/wp-content\/uploads\/2023\/05\/germany_wies_pk3-214x300.jpg 214w\" sizes=\"auto, (max-width: 625px) 85vw, 625px\" \/><figcaption class=\"wp-element-caption\">Postkarte Wieskirche im Alpenvorland<\/figcaption><\/figure>\n\n\n\n<figure class=\"wp-block-image size-large\"><img loading=\"lazy\" decoding=\"async\" width=\"632\" height=\"880\" data-id=\"1599\" src=\"https:\/\/bsv.bsv-riedlingen.de\/wp-content\/uploads\/2023\/05\/germany_wies_pk4.jpg\" alt=\"\" class=\"wp-image-1599\" srcset=\"https:\/\/bsv.bsv-riedlingen.de\/wp-content\/uploads\/2023\/05\/germany_wies_pk4.jpg 632w, https:\/\/bsv.bsv-riedlingen.de\/wp-content\/uploads\/2023\/05\/germany_wies_pk4-215x300.jpg 215w\" sizes=\"auto, (max-width: 632px) 85vw, 632px\" \/><figcaption class=\"wp-element-caption\">Postkarte:  Innenraum der Wieskirche<\/figcaption><\/figure>\n<\/figure>\n\n\n\n<p> <\/p>\n\n\n\n<p><\/p>\n\n\n\n<figure class=\"wp-block-image size-full\"><img loading=\"lazy\" decoding=\"async\" width=\"867\" height=\"558\" src=\"https:\/\/bsv.bsv-riedlingen.de\/wp-content\/uploads\/2023\/05\/germany_wies_pk1.jpg\" alt=\"\" class=\"wp-image-1603\" srcset=\"https:\/\/bsv.bsv-riedlingen.de\/wp-content\/uploads\/2023\/05\/germany_wies_pk1.jpg 867w, https:\/\/bsv.bsv-riedlingen.de\/wp-content\/uploads\/2023\/05\/germany_wies_pk1-300x193.jpg 300w, https:\/\/bsv.bsv-riedlingen.de\/wp-content\/uploads\/2023\/05\/germany_wies_pk1-768x494.jpg 768w\" sizes=\"auto, (max-width: 709px) 85vw, (max-width: 909px) 67vw, (max-width: 1362px) 62vw, 840px\" \/><figcaption class=\"wp-element-caption\">Postkarte der Wieskirche aus den 1940er Jahren<\/figcaption><\/figure>\n","protected":false},"excerpt":{"rendered":"<p>Die Wieskirche Erstausgabetag: 07. Mai 1985 300. Geburtstag von Domenikus Zimmermann (1685-1766). Dargestellt ist ein S\u00e4ulenkapitell aus dem Presbyterium der Wieskirche Mi.-Nr.: 1251 Am 14. Juni 1738 bemerkte die B\u00e4uerin Maria Lory in den Augen der Statue des gegei\u00dfelten Heilands, die 1730 von Pater Magnus Straub und Bruder Lukas Schweiger im Kloster Steingaden angefertigt wurde,\u00a0einige &hellip; <a href=\"https:\/\/bsv.bsv-riedlingen.de\/?page_id=1469\" class=\"more-link\"><span class=\"screen-reader-text\">\u201eBayern\u201c <\/span>weiterlesen<\/a><\/p>\n","protected":false},"author":1,"featured_media":0,"parent":1462,"menu_order":1,"comment_status":"closed","ping_status":"closed","template":"","meta":{"footnotes":""},"class_list":["post-1469","page","type-page","status-publish","hentry"],"_links":{"self":[{"href":"https:\/\/bsv.bsv-riedlingen.de\/index.php?rest_route=\/wp\/v2\/pages\/1469","targetHints":{"allow":["GET"]}}],"collection":[{"href":"https:\/\/bsv.bsv-riedlingen.de\/index.php?rest_route=\/wp\/v2\/pages"}],"about":[{"href":"https:\/\/bsv.bsv-riedlingen.de\/index.php?rest_route=\/wp\/v2\/types\/page"}],"author":[{"embeddable":true,"href":"https:\/\/bsv.bsv-riedlingen.de\/index.php?rest_route=\/wp\/v2\/users\/1"}],"replies":[{"embeddable":true,"href":"https:\/\/bsv.bsv-riedlingen.de\/index.php?rest_route=%2Fwp%2Fv2%2Fcomments&post=1469"}],"version-history":[{"count":3,"href":"https:\/\/bsv.bsv-riedlingen.de\/index.php?rest_route=\/wp\/v2\/pages\/1469\/revisions"}],"predecessor-version":[{"id":1604,"href":"https:\/\/bsv.bsv-riedlingen.de\/index.php?rest_route=\/wp\/v2\/pages\/1469\/revisions\/1604"}],"up":[{"embeddable":true,"href":"https:\/\/bsv.bsv-riedlingen.de\/index.php?rest_route=\/wp\/v2\/pages\/1462"}],"wp:attachment":[{"href":"https:\/\/bsv.bsv-riedlingen.de\/index.php?rest_route=%2Fwp%2Fv2%2Fmedia&parent=1469"}],"curies":[{"name":"wp","href":"https:\/\/api.w.org\/{rel}","templated":true}]}}